{"id":188,"date":"2007-07-21T22:38:12","date_gmt":"2007-07-21T20:38:12","guid":{"rendered":"http:\/\/sjefvandepoelwandelweb.nl\/cgi-bin\/weblog_basic\/index.php?page_id=188"},"modified":"2018-02-15T08:41:45","modified_gmt":"2018-02-15T08:41:45","slug":"hermannsweg-teutoburgerwoud","status":"publish","type":"page","link":"http:\/\/sjefvandepoelwandelweb.nl\/?page_id=188","title":{"rendered":"Teutoburgerwald"},"content":{"rendered":"<p>Het Teutoburgerwald is een langgerekte, smalle en beboste heuvelrug in het midden van Duitsland, oostelijk van de Nederlandse stad Enschede. De hoogte van de heuvels varieert van 100 meter in het westen tot bijna 500 meter in het oosten. Over de kam van het Teutoburgerwald loopt de Hermannsweg, een langeafstandvoetpad van ongeveer 170 km lengte.<br \/>\n\u2018Hermann\u2019 is de Duitse naam voor Arminius &#8211; afkomstig uit de Germaanse stam der Cherusken -, die 2000 jaar geleden in deze contreien een Romeins leger, onder leiding van veldheer Varus, versloeg. Dit bracht de toenmalige Romeinse keizer Augustus tot zijn vermaarde uitroep: \u201cVarus, Varus, geef mij mijn legioenen terug !\u201d. De wanhopige Varus pleegde vervolgens zelfmoord. Het schijnt dat onze oosterburen deze voor hen zo succesvol verlopen veldslag zo\u2019n beetje beschouwen als het begin van hun nationale geschiedenis. In ieder geval staat iets buiten de in het Teutoburgerwald gelegen stad Detmold &#8211; bovenop een hoge heuveltop &#8211; een druk bezocht, reusachtig standbeeld van \u2018Hermann\u2019 op een al even reusachtige sokkel: het Hermannsdenkmal.<\/p>\n<p align=\"center\"><img loading=\"lazy\" decoding=\"async\" class=\"alignnone size-full wp-image-1167\" src=\"http:\/\/sjefvandepoelwandelweb.nl\/wp-content\/uploads\/2018\/02\/DSC00360.jpg\" alt=\"\" width=\"350\" height=\"527\" srcset=\"http:\/\/sjefvandepoelwandelweb.nl\/wp-content\/uploads\/2018\/02\/DSC00360.jpg 350w, http:\/\/sjefvandepoelwandelweb.nl\/wp-content\/uploads\/2018\/02\/DSC00360-199x300.jpg 199w\" sizes=\"(max-width: 350px) 100vw, 350px\" \/><\/p>\n<p align=\"center\"><i>&#8211; Het reusachtige Hermannsdenkmal in het Teutoburgerwoud &#8211;<\/i><\/p>\n<p>Onze meerdaagse voettocht bestrijkt zowel het westelijke als het oostelijke deel van de Hermannsweg. Het tussenstuk wordt per trein overbrugd. De kamweg is in het algemeen zwaar bebost, dus het aantal fraaie uitzichtpunten is niet talrijk. Toch zijn er elke dag genoeg vergezichten om de tocht niet tot een eentonige boswandeling te maken. Hoogtepunten zijn de D\u00f6renther Klippen en het stadje Tecklenburg in het westelijk deel en het Hermannsdenkmal en de Externsteine in het oostelijk deel.<br \/>\nDe Hermannsweg volgt grotendeels \u2018onverharde\u2019 paden, maar de wandelaar zij gewaarschuwd: deze paden zijn veelal nogal stenig en doen dus een behoorlijke aanslag op de voeten. Comfortabele zachte bospaden vind je helaas maar zelden.<br \/>\nHoreca is er langs het pad in voldoende mate. Campings zijn er op de route niet veel. Aantrekkelijk wildkamperen blijkt echter in de praktijk geen groot probleem te zijn.<br \/>\nJe bent hier overigens in een druk bevolkte streek. Bebouwing van dorpen en stadjes of steden is gedurende de gehele route nooit ver weg. Toch merk je daar op je voettocht maar weinig van. Hinderlijk is het in ieder geval niet.<\/p>\n<p>De Hermannsweg start officieel in het Duitse stadje Rheine, ongeveer 30 kilometer ten oosten van Enschede. Wij beginnen echter in het 10 kilometer oostelijker gelegen dorp H\u00f6rstel, omdat d\u00e1\u00e1r de heuvelrug pas echt begint. Probeer eerst in Rheine of H\u00f6rstel de speciale stafkaart (1:50.000) van de gehele Hermannsweg te kopen. Er bestaat ook een klein wandelgidsje van het pad, echter zonder routekaartjes. In de buurt van het station van H\u00f6rstel kun je je auto kwijt.<\/p>\n<p><strong>Dag 1: Van H\u00f6rstel naar Brochterbeck (15 km)<\/strong><\/p>\n<p>Om op de Hermannsweg te komen loop je vanaf het station van H\u00f6rstel in zuidelijke richting naar de nabij gelegen kerk. Daar aangekomen sla je linksaf een asfaltweg in naar het Mittellandkanal. Aan de andere kant van het kanaal volg je een aardig jaagpad in zuidelijke richting tot bij een verkeersbrug. Bij de daar gelegen parkeerplaats Nasses Dreieck kom je dan op de Hermannsweg, die in het terrein wordt aangeduid met een witte H op een zwarte ondergrond. Overigens is de bewegwijzering van de route gedurende de gehele route bijzonder goed !<br \/>\nDe beboste heuvelrug van het Teutoburgerwald is hier nog zeer smal en het belopen van de kamweg is bepaald een genoegen. Na ongeveer een half uur gaans krijg je &#8211; iets rechts van het pad &#8211; het eerste fraaie uitzichtpunt van deze voettocht voorgeschoteld: het M\u00fcnsterland met beneden je het dorpje Riesenbeck. Dan gaat het verder over, en wat later beneden langs, de beboste kam. Je kruist een asfaltweg, waarna je na enige tijd in het bos een klein Duits oorlogskerkhof aantreft. Uiteindelijk kom je opnieuw op een asfaltweg uit. Aan de overzijde van de weg vind je dan een caf\u00e9 annex camping. In de onmiddellijke nabijheid kun je de mooie rotsgroep D\u00f6renther Klippen bezoeken met als \u2018hoofdrots\u2019 Hockendes Weib (\u2018Hurkende Vrouw\u2019). Volgens de sage gaat het hier om een vrouw die bij een grote overstroming met haar kinderen de berg opvluchtte en daar versteende. Het mooie uitzicht vanaf de rotsen is er niet minder om.<br \/>\nSteeds de fraaie, bosrijke kam van de heuvelrug volgend, passeer je opnieuw een Duits oorlogskerkhofje. Een half uur lopen verderop vind je aan je linkerhand het derde mooie uitzichtpunt van vandaag: de rotsachtige Drei-Kaiser-Stuhl met aantrekkelijk uitzicht op het Bocketal.<\/p>\n<p><img loading=\"lazy\" decoding=\"async\" class=\"size-full wp-image-1169 aligncenter\" src=\"http:\/\/sjefvandepoelwandelweb.nl\/wp-content\/uploads\/2018\/02\/DSC00339.jpg\" alt=\"\" width=\"450\" height=\"298\" srcset=\"http:\/\/sjefvandepoelwandelweb.nl\/wp-content\/uploads\/2018\/02\/DSC00339.jpg 450w, http:\/\/sjefvandepoelwandelweb.nl\/wp-content\/uploads\/2018\/02\/DSC00339-300x199.jpg 300w\" sizes=\"(max-width: 450px) 100vw, 450px\" \/><\/p>\n<p align=\"center\"><i>&#8211; Het dorpje Brochterbeck in de heuvels &#8211;<\/i><\/p>\n<p>Beneden zie je een camping, waar je zou kunnen gaan kamperen. De weitjes die je bij het verlaten van het bos bij het rustig in de heuvels gelegen dorpje Brochterbeck aantreft, nodigen echter uit tot vrij kamperen. \u2019s Avonds kun je desgewenst de \u2018Kneipen\u2019 in Brochterbeck bezoeken.<\/p>\n<p><strong>Dag 2: Van Brochterbeck naar Eiserner Anton (24 km)<\/strong><\/p>\n<p>De tweede dag van deze voettocht voert wat vaker door meer open landschap. Je start met de beklimming van de beboste\u2018Klotenberg\u2019, aan de overzijde van het Bocketal. Juist voor de \u2018top\u2019 slaat de Hermannsweg rechtsaf. Je passeert een boerderij en een in het bos gelegen kapel. Na enige kilometers bos bereik je dan de bebouwde kom van het pittoreske \u2018bergstadje\u2019 Tecklenburg. In de buurt van de Bismarckturm heb je opnieuw een fraai uitzicht op het M\u00fcnsterland.<\/p>\n<p><img loading=\"lazy\" decoding=\"async\" class=\"size-full wp-image-1170 aligncenter\" src=\"http:\/\/sjefvandepoelwandelweb.nl\/wp-content\/uploads\/2018\/02\/DSC00343.jpg\" alt=\"\" width=\"450\" height=\"298\" srcset=\"http:\/\/sjefvandepoelwandelweb.nl\/wp-content\/uploads\/2018\/02\/DSC00343.jpg 450w, http:\/\/sjefvandepoelwandelweb.nl\/wp-content\/uploads\/2018\/02\/DSC00343-300x199.jpg 300w\" sizes=\"(max-width: 450px) 100vw, 450px\" \/><\/p>\n<p align=\"center\"><i>&#8211; Het romantische &#8216;berg&#8217;stadje Tecklenburg &#8211;<\/i><\/p>\n<p>Het romantische Tecklenburg, met zijn fraaie 16e en 17e eeuwse vakwerkhuizen, zijn gezellige middeleeuwse marktpleintje, zijn smalle steegjes en zijn hooggelegen burchtru\u00efne, is een langer oponthoud meer dan waard. Uiteraard is er voldoende horeca en kun je desgewenst foerageren. Er is ook een camping.<\/p>\n<p>Langs de Stadtkirche uit 1566 wandel je Tecklenburg weer uit. Spoedig loop je &#8211; parallel aan de asfaltweg &#8211; over een onverhard pad langs een hellende akker in de richting van een grote \u2018Fernmelderturm\u2019. Je gaat verder over een onverhard bospad &#8211; langs een verharde weg &#8211; dat naar rechts aardige doorkijkjes geeft naar het hier wat vlakkere boerenlandschap. Op korte afstand passeer je de genoemde Turm. Uiteindelijk bereik je de bossen weer en je daalt langzaam af naar een brug over een autobahn. Aan de overzijde gaat het weer door het bos omhoog en spoedig kom je &#8211; in aantrekkelijk open landschap &#8211; uit bij een kerk van het dorpje Leeden.<br \/>\nDe Hermannsweg loopt rechts langs de kerk en bereikt, naar links gaand door een woonwijkje, een drukkere verkeersweg. Na 150 meter ga je alweer naar rechts, om vervolgens direct links een veldweg in te slaan.<\/p>\n<p>Dan wordt het tijd om de Hermannsweg, die verder richting Lengerich gaat, tijdelijk te verlaten. Het eerste of tweede pad links brengt je opnieuw op de eerder genoemde verkeersweg, die je naar rechts volgt tot het nabijgelegen station van het dorpje Natrup-Hagen. Daar neem je de trein naar Osnabr\u00fcck, waar je overstapt op de trein naar Bielefeld. Deze treinreis duurt slechts vijf kwartier. Vooral in het weekend is dit reisje zeker niet duur. Raadpleeg voor de juiste vertrektijden het internet.<\/p>\n<p>De Hermannsweg bevindt zich niet ver van het Hauptbahnhof van Bielefeld. Je kunt in zuidelijke richting dwars door de \u2018Altstadt\u2019 lopen, waar je opnieuw voldoende mogelijkheden vindt voor horeca en foerage. Doel is allereerst de op de heuvelkam gelegen burcht van Bielefeld: de Sparrenburg. Aan de zuidkant van de Altstadt krijg je de toren van de burcht reeds in het vizier.<\/p>\n<p align=\"center\"><img loading=\"lazy\" decoding=\"async\" class=\"alignnone size-full wp-image-1171\" src=\"http:\/\/sjefvandepoelwandelweb.nl\/wp-content\/uploads\/2018\/02\/DSC00347.jpg\" alt=\"\" width=\"350\" height=\"527\" srcset=\"http:\/\/sjefvandepoelwandelweb.nl\/wp-content\/uploads\/2018\/02\/DSC00347.jpg 350w, http:\/\/sjefvandepoelwandelweb.nl\/wp-content\/uploads\/2018\/02\/DSC00347-199x300.jpg 199w\" sizes=\"(max-width: 350px) 100vw, 350px\" \/><\/p>\n<p align=\"center\"><i>&#8211; De burcht Sparrenburg bij Bielefeld &#8211;<\/i><\/p>\n<p>Na het oversteken van de drukke ringweg rond de Altstadt gaat het via trappetjes omhoog tot je op burchthoogte bent. We laten de burcht &#8211; die bezocht kan worden &#8211; \u2018rechts liggen\u2019 en volgen de Hermannsweg naar links door een parkachtige omgeving, waar veel inwoners van Bielefeld gedurende het weekeinde flaneren. Links tussen de bomen door wordt je af en toe een uitzicht op de stedelijke omgeving van Bielefeld gegund.<br \/>\nDe ondergrond is asfalt, maar je kunt ook op de flankerende brede gazons lopen. Je passeert een caf\u00e9 en komt uiteindelijk op \u2018onverharde\u2019 paden in het bos terecht. Na opnieuw een caf\u00e9 &#8211; bij de \u2018Habichtsh\u00f6he\u2019 &#8211; kruis je een asfaltweg en je bestijgt vervolgens langzaam de \u2018Ebberg\u2019. Dan volgt weer een bosrijk parcours. Na vier kilometer bereik je &#8211; bij het kruisen van een autoweg &#8211; een caf\u00e9-restaurant, genoemd naar de ruim een kilometer verderop gelegen ijzeren uitkijktoren \u2018Eiserner Anton\u2019.<\/p>\n<p align=\"center\"><img loading=\"lazy\" decoding=\"async\" class=\"alignnone size-full wp-image-1172\" src=\"http:\/\/sjefvandepoelwandelweb.nl\/wp-content\/uploads\/2018\/02\/DSC00350.jpg\" alt=\"\" width=\"350\" height=\"527\" srcset=\"http:\/\/sjefvandepoelwandelweb.nl\/wp-content\/uploads\/2018\/02\/DSC00350.jpg 350w, http:\/\/sjefvandepoelwandelweb.nl\/wp-content\/uploads\/2018\/02\/DSC00350-199x300.jpg 199w\" sizes=\"(max-width: 350px) 100vw, 350px\" \/><\/p>\n<p align=\"center\"><i>&#8211; De antieke uitkijktoren Eiserner Anton &#8211;<\/i><\/p>\n<p>Bij deze merkwaardige uitkijktoren uit 1895 (!) vind je een open plek in het bos, waar je kunt kamperen. Ongetwijfeld mag dit niet en je staat ook nog in het zicht van passanten &#8211; hardlopers, mountainbikers en gewone wandelaars-, maar als je op het invallen van het duister wacht \u2026 Water kun je tijdens caf\u00e9bezoek meenemen. Vanaf de Eiserner Anton heb je een aardig uitzicht naar noord en zuid.<\/p>\n<p><strong>Dag 3: Van Eiserner Anton naar Schling (24 km)<\/strong><\/p>\n<p align=\"center\"><img loading=\"lazy\" decoding=\"async\" class=\"alignnone size-full wp-image-1173\" src=\"http:\/\/sjefvandepoelwandelweb.nl\/wp-content\/uploads\/2018\/02\/DSC00355.jpg\" alt=\"\" width=\"350\" height=\"527\" srcset=\"http:\/\/sjefvandepoelwandelweb.nl\/wp-content\/uploads\/2018\/02\/DSC00355.jpg 350w, http:\/\/sjefvandepoelwandelweb.nl\/wp-content\/uploads\/2018\/02\/DSC00355-199x300.jpg 199w\" sizes=\"(max-width: 350px) 100vw, 350px\" \/><\/p>\n<p align=\"center\"><i>&#8211; De Hermannsweg is goed bewegwijzerd ! &#8211;<\/i><\/p>\n<p>Vandaag start je opnieuw met een \u2018boswandeling\u2019: uitzichtpunten zijn er aanvankelijk niet. Na een half uur lopen passeer je een autobahn; het op de stafkaart aangegeven caf\u00e9 wordt niet direct aangetroffen. Vanaf hier krijg je een geasfalteerd, maar later weer onverhard pad voor de voeten, dat door een aantrekkelijk half open landschap van bos en weiden voert. Eerst loop je langs verspreid liggende woonhuizen, later gaat het meer door de vrije natuur. Langzaam maar zeker nader je het aardige \u2018bergdorpje\u2019 Oerlinghausen, waar je kunt foerageren en waar ook voldoende caf\u00e9\u2019s zijn.<br \/>\nNa de rustpauze loop je al snel weer in het bos, de T\u00f6nsberg op. Je komt langs een indrukwekkend, op een Griekse tempel lijkend oorlogsmonument voor gevallenen in de Eerste Wereldoorlog.<\/p>\n<p><img loading=\"lazy\" decoding=\"async\" class=\"size-full wp-image-1174 aligncenter\" src=\"http:\/\/sjefvandepoelwandelweb.nl\/wp-content\/uploads\/2018\/02\/DSC00358.jpg\" alt=\"\" width=\"450\" height=\"298\" srcset=\"http:\/\/sjefvandepoelwandelweb.nl\/wp-content\/uploads\/2018\/02\/DSC00358.jpg 450w, http:\/\/sjefvandepoelwandelweb.nl\/wp-content\/uploads\/2018\/02\/DSC00358-300x199.jpg 300w\" sizes=\"(max-width: 450px) 100vw, 450px\" \/><\/p>\n<p align=\"center\"><i>&#8211;\u00a0 Denkmal voor gevallenen in de Eerste Wereldoorlog &#8211;<\/i><\/p>\n<p>Je pad wordt inmiddels geflankeerd door allerlei kleinere en grotere kunstwerkjes en informatieborden over de omgeving en de natuur. E\u00e9nmaal vind je aan je linkerhand een fraai uitzichtpunt naar het noorden. Verderop kun je een ommetje maken naar de ru\u00efne van de H\u00fcnenkapelle (Antonius-Kapelle). De ru\u00efne is op zich niet echt bijzonder, maar het uitzicht op de omringende heuvels is een van de fraaiste uitzichten van deze tocht. Toch maar doen dus !<\/p>\n<p>Bekomen van het imponerende uitzicht daal je af in de Wistinghauser Schlucht en vervolg je je pad door de kambossen. Na een door houtkap meer open geworden stuk &#8211; met schutzh\u00fctte &#8211; passeer je een in het bos gelegen caf\u00e9, waar je eventueel zou kunnen rusten.<br \/>\nDe Hermannsweg volgt hierna een min of meer recht parcours door het woud. Net op het moment dat het wat eentonig begint te worden kruis je een asfaltweg &#8211; met op de hoek een schutzh\u00fctte -, waarna je over een afwisselender, kronkelig bospaadje in de richting van de Rethlager Quellen (vennen) en een ter plaatse gelegen camping gaat. Je bent hier weer vlak bij woonbebouwing, in de buurt van de stad Detmold. Bij een zwembad is opnieuw een caf\u00e9, maar je kunt beter doorlopen tot het volgende caf\u00e9, gelegen aan de rand van het prachtige natuurgebied Donoperteich.<\/p>\n<p>Na een welverdiende rustpauze begin je hier aan een fraai, doch zeer inspannend gedeelte van deze wandeldag. Eerst loop je langs de prachtige vennen van de Donoperteich. Na het oversteken van een asfaltweg volg je het pad naar links. Op een T-splitsing in het bos aangekomen begint het pad naar rechts te stijgen. Eerst gaat het nog rustig omhoog, maar weldra &#8211; na een paar in het bos verscholen huizen &#8211; krijg je de zwaarste klim van deze voettocht te doen, die naar het Duitse \u2018vrijheidsbeeld\u2019: het Hermannsdenkmal (kortweg \u2018Hermann\u2019) uit 1875. Ongetwijfeld buiten adem bereik je dit imposante standbeeld, waar altijd veel mensen rondlopen. Wil je een prachtig uitzicht op de omgeving hebben, dan zul je, tegen betaling, de 28 meter hoge sokkel van het standbeeld moeten beklimmen. Je geniet daar van een van de fraaiste uitzichten van deze tocht. Boven je staat Hermann nog eens 26 meter hoog te wezen. In de buurt vind je nog een klein museumpje.<\/p>\n<p align=\"center\"><img loading=\"lazy\" decoding=\"async\" class=\"alignnone size-full wp-image-1175\" src=\"http:\/\/sjefvandepoelwandelweb.nl\/wp-content\/uploads\/2018\/02\/DSC00366.jpg\" alt=\"\" width=\"350\" height=\"527\" srcset=\"http:\/\/sjefvandepoelwandelweb.nl\/wp-content\/uploads\/2018\/02\/DSC00366.jpg 350w, http:\/\/sjefvandepoelwandelweb.nl\/wp-content\/uploads\/2018\/02\/DSC00366-199x300.jpg 199w\" sizes=\"(max-width: 350px) 100vw, 350px\" \/><\/p>\n<p align=\"center\"><i>&#8211; Hermannsdenkmal &#8211;<\/i><\/p>\n<p>Het wordt tijd een kampplaats te zoeken. Aangezien hier in de buurt geen campings zijn, zul je vrij moeten gaan kamperen. Een mooie plek is de op de stafkaart aangegeven \u2018schutzh\u00fctte mit grillplatz\u2019, iets v\u00f3\u00f3r het dorpje Schling. Om daar te komen loop je eerst via de Hermannsweg de parkeerplaats van\u2018Hermann\u2019 af. Ter hoogte van een picknickplaats sla je linksaf het bos in en neem je het eerste bospad naar rechts. Dit pad draait vanzelf weer naar links en spoedig bereik je je kampplaats, vanwaar je een prachtig uitzicht op de verre omgeving hebt. \u2018Toestemming\u2019 kun je krijgen bij de naastgelegen boerderij.<\/p>\n<p><img loading=\"lazy\" decoding=\"async\" class=\"size-full wp-image-1176 aligncenter\" src=\"http:\/\/sjefvandepoelwandelweb.nl\/wp-content\/uploads\/2018\/02\/DSC00367.jpg\" alt=\"\" width=\"450\" height=\"298\" srcset=\"http:\/\/sjefvandepoelwandelweb.nl\/wp-content\/uploads\/2018\/02\/DSC00367.jpg 450w, http:\/\/sjefvandepoelwandelweb.nl\/wp-content\/uploads\/2018\/02\/DSC00367-300x199.jpg 300w\" sizes=\"(max-width: 450px) 100vw, 450px\" \/><\/p>\n<p align=\"center\"><i>&#8211; Kamp 3: luxe kamperen &#8216;bij de boer&#8217; &#8211;<\/i><\/p>\n<p><strong>Dag 4: Van Schling naar Leopoldstal (15 km)<\/strong><\/p>\n<p>Door de dorpskom van Schling wandelend, vind je aanduidingen naar een vogelpark. Daar aangekomen klim je door het bos naar het dorp Berlebeck, waar men over een \u2018Adlerwarte\u2019 (adelaarsshow) beschikt. Op de top vind je de Hermannsweg terug, die je volgt door de \u2018bebouwde kom\u2019. Je krijgt hier vele leuke doorkijkjes op het heuvelachtige gebied. N\u00e1 het dorp ben je snel weer in de bossen, die je pas verlaat in de buurt van het dorpje Holzhausen-Externsteine. Onderweg heb je links tussen de bomen door aardige vergezichten. Juist v\u00f3\u00f3r Holzhausen wandel je opeens door een aantrekkelijk open, heideachtig landschap. In het plaatselijke hotelletje kun je een rustpauze houden.<\/p>\n<p>Na de pauze ben je al snel bij het natuur- en cultuurmonument Externsteine. Het gaat hier om vijf merkwaardig gevormde, door trappen toegankelijke, zandsteenrotsen van 30 tot 40 meter hoog, voorzien van enige kapelletjes en een uit 1130 daterend reli\u00ebf van de \u2018Kruisafneming\u2019. Bij de rotsen ligt een grote waterpartij. Ook hier zul je zeker niet alleen zijn.<\/p>\n<p><img loading=\"lazy\" decoding=\"async\" class=\"size-full wp-image-1177 aligncenter\" src=\"http:\/\/sjefvandepoelwandelweb.nl\/wp-content\/uploads\/2018\/02\/DSC00377.jpg\" alt=\"\" width=\"450\" height=\"298\" srcset=\"http:\/\/sjefvandepoelwandelweb.nl\/wp-content\/uploads\/2018\/02\/DSC00377.jpg 450w, http:\/\/sjefvandepoelwandelweb.nl\/wp-content\/uploads\/2018\/02\/DSC00377-300x199.jpg 300w\" sizes=\"(max-width: 450px) 100vw, 450px\" \/><\/p>\n<p align=\"center\"><i>&#8211; Externsteine &#8211;<\/i><\/p>\n<p>Tussen de Externsteine door wandel je verder. Onmiddellijk achter de rotsen gaat het links steil omhoog en je komt aan de bovenkant van de Steine, waar je nog een aardig uitzicht op de omgeving hebt.<br \/>\nDan begin je aan de laatste kilometers van je voettocht. Eerst loop je nog over een tamelijk comfortabel bospad. Na het kruisen van een drukke verkeersweg wordt het pad weer tamelijk hard en je loopt in de richting van de watermolen Silberm\u00fchle met vijver.<br \/>\nVanaf deze plek kun je &#8211; door het volgen van wandelweg X10 &#8211; over een aardig, aanvankelijk langs een beek gaand, bospad snel het station van Leopoldstal bereiken. Heb je nog zin, tijd en conditie over, dan loont de wandeling over de Hermannsweg door het prachtige Silberbachtal naar het absolute eindpunt van de Hermannsweg: de kale bergtop Velmerstot, met 441 meter de hoogste berg van het Teutoburgerwald. Vanaf de berg heb je uiteraard een imposant uitzicht. Met een goede stafkaart is het niet moeilijk de berg af te dalen naar het genoemde station van Leopoldstal. In het caf\u00e9 bij dit station be\u00ebindig je dan deze lange en toch afwisselende voettocht door een voor veel Nederlanders nog tamelijk onbekend stukje Duitsland. De trein brengt je rechtstreeks terug naar je uitgangspunt H\u00f6rstel.<\/p>\n<p align=\"center\">&#8211; &#8211; &#8211;<\/p>\n<p>(copyright JWE van de Poel)<\/p>\n","protected":false},"excerpt":{"rendered":"<p>Het Teutoburgerwald is een langgerekte, smalle en beboste heuvelrug in het midden van Duitsland, oostelijk van de Nederlandse stad Enschede. De hoogte van de heuvels varieert van 100 meter in het westen tot bijna 500 meter in het oosten. Over de kam van het Teutoburgerwald loopt de Hermannsweg, een langeafstandvoetpad van ongeveer 170 km lengte. &hellip; <\/p>\n<p class=\"link-more\"><a href=\"http:\/\/sjefvandepoelwandelweb.nl\/?page_id=188\" class=\"more-link\">Lees verder <span class=\"screen-reader-text\">&#8220;Teutoburgerwald&#8221;<\/span><\/a><\/p>\n","protected":false},"author":2,"featured_media":0,"parent":0,"menu_order":0,"comment_status":"open","ping_status":"open","template":"","meta":{"footnotes":""},"_links":{"self":[{"href":"http:\/\/sjefvandepoelwandelweb.nl\/index.php?rest_route=\/wp\/v2\/pages\/188"}],"collection":[{"href":"http:\/\/sjefvandepoelwandelweb.nl\/index.php?rest_route=\/wp\/v2\/pages"}],"about":[{"href":"http:\/\/sjefvandepoelwandelweb.nl\/index.php?rest_route=\/wp\/v2\/types\/page"}],"author":[{"embeddable":true,"href":"http:\/\/sjefvandepoelwandelweb.nl\/index.php?rest_route=\/wp\/v2\/users\/2"}],"replies":[{"embeddable":true,"href":"http:\/\/sjefvandepoelwandelweb.nl\/index.php?rest_route=%2Fwp%2Fv2%2Fcomments&post=188"}],"version-history":[{"count":3,"href":"http:\/\/sjefvandepoelwandelweb.nl\/index.php?rest_route=\/wp\/v2\/pages\/188\/revisions"}],"predecessor-version":[{"id":1297,"href":"http:\/\/sjefvandepoelwandelweb.nl\/index.php?rest_route=\/wp\/v2\/pages\/188\/revisions\/1297"}],"wp:attachment":[{"href":"http:\/\/sjefvandepoelwandelweb.nl\/index.php?rest_route=%2Fwp%2Fv2%2Fmedia&parent=188"}],"curies":[{"name":"wp","href":"https:\/\/api.w.org\/{rel}","templated":true}]}}